Let c(b) = b**3 + 3*b**2 - b + 3. Let i(j) = 3*j**3 + 10*j**2 - 2*j + 8. Let w(a) = -8*c(a) + 3*i(a). Determine w(-6).
-12
Let w(k) = -k**2 + 2*k + 3. Let u(d) = -5*d**2 + 7*d + 11. Let o(b) = 2*u(b) - 9*w(b). Give o(-4).
-5
Let q = -20 + 19. Let x(n) be the first derivative of -4*n**2 + n + 1. Calculate x(q).
9
Let d(b) be the second derivative of -b**4/3 - b**2/2 - 3*b. What is d(-1)?
-5
Let j(y) be the first derivative of 1 + 5/2*y**2 + 7*y - 1/3*y**3. Calculate j(5).
7
Let f be (-4 + 0)*(-2)/4. Suppose 2*r + f = m, 2*r + 3*m + 12 = -r. Let a(x) = -x**2 - 3*x + 1. Give a(r).
3
Let r(x) = -6 + 4*x**2 + 0 + 3*x**2 + x**3 - 4. Calculate r(-7).
-10
Let t(h) = h**2 - 8*h + 5. Let u = 64 - 58. Calculate t(u).
-7
Let h(c) be the second derivative of -c**5/60 + 5*c**4/24 - c**3/6 + 2*c**2 - 2*c. Let v(k) be the first derivative of h(k). What is v(4)?
3
Let w(k) = k**2 + 8*k + 7. Let l be w(-7). Let x(m) = 1 - 5*m + 5*m + l*m + 2*m. Give x(-2).
-3
Let t(z) be the first derivative of -z**6/120 + z**5/12 - 5*z**4/24 + z**3/2 + z**2/2 + 2. Let q(b) be the second derivative of t(b). Calculate q(3).
6
Let q(d) = -d**2 - 5*d. Suppose 4*w + 9 = -0*w + 3*n, 4*n - 12 = -w. Let c(m) = -3 + 2*m + 4 + w*m + 0*m. Let v be c(-3). What is q(v)?
0
Suppose -4*q - q - 20 = 0. Let d(u) = -2*u**2 - 4*u + 1. Calculate d(q).
-15
Let x(y) = y**3 - 49*y + 2*y**2 - 5 - y**2 + 89*y - 41*y. Calculate x(0).
-5
Let n(v) = 3*v - 3. Let j = -70 + 73. Determine n(j).
6
Let w(d) = -2*d + 6. Let n(j) = 5*j - 1. Let c be n(-1). Calculate w(c).
18
Let l(n) = n**3 + 3*n**2 + 3*n + 1. Let b be l(-2). Let s(d) be the third derivative of -d**6/120 - d**5/60 - d**4/12 - d**3/6 + 2*d**2. Calculate s(b).
1
Let p = 1 + 1. Let i(h) = -4*h + 8*h + h**p + 0*h + h + 3. Calculate i(-4).
-1
Let v(r) = -4*r**2 - 5. Let u(h) = -5*h**2 + h - 6. Let n(f) = -5*u(f) + 6*v(f). Calculate n(5).
0
Suppose o - 9 = -30. Let c be 6/o - (-2)/7. Let d(l) = l - 2*l + c*l. Give d(-1).
1
Let o(g) = -g. Suppose 2*j - 6 = 3*j. Determine o(j).
6
Let m(f) = -f + 5. Let s be m(4). Let a = 15 + -7. Let h(v) = -6*v**2 - 8*v + 6. Let n(o) = o**2 + o - 1. Let j(b) = a*n(b) + s*h(b). Calculate j(2).
6
Let h(o) = 3*o**3 - 2*o**2 - 2*o - 1. Suppose 6 = -5*g + 21. Suppose -d = -g*d - 2. Calculate h(d).
-4
Let t(l) = -l + 4. Suppose 9 = f - j, -27 = -4*f - 2*j - 3*j. Suppose 16 = -2*n + 4*z, 4 + f = -3*n + 3*z. Calculate t(n).
4
Suppose -2*r = -3*r + 2. Let b(i) = i**2 + 12 - 5 + 7*i + 0*i**r. Suppose 15 = -9*a + 6*a. Determine b(a).
-3
Let c(f) = 5*f**3 + 10*f**2 - 18*f - 5. Let l(z) = -3*z**3 - 7*z**2 + 12*z + 3. Let x(o) = 5*c(o) + 8*l(o). What is x(5)?
4
Let i(z) = -2 + 6 - 4 - z - 2*z**2. What is i(2)?
-10
Let a(t) = 2 + 28*t - 29*t + 0. Suppose 0 = 2*b - b - 5*p - 4, -16 = -4*b - 3*p. What is a(b)?
-2
Suppose 0 = -2*x + x + 5. Let g(z) = x*z**2 - 6*z + 4 - 3*z**2 + 0*z**2. Determine g(4).
12
Let r(n) be the third derivative of -n**6/120 + n**5/10 - n**3/3 - 13*n**2. What is r(6)?
-2
Let j = -11 - -5. Let x(b) = -b**2 - 8*b - 7. Let a be x(j). Suppose a*t + 0*t + 5 = 0. Let i(k) = -k**2 + k. Give i(t).
-2
Let o(s) = -7*s - s**2 + 0*s**3 - 6*s**2 - 1 + 0*s - s**3. Suppose -4*q + 2*q - 12 = 0. Let k be o(q). Let t(z) = -z**2 + 5*z + 5. Determine t(k).
5
Suppose 3*d - 30 = 45. Suppose 0 = 2*r - 7*r + d. Suppose 0 = -0*o - r*o + 10. Let u(b) = -b**2 + b - 1. Give u(o).
-3
Suppose t - 2 = 7. Suppose 0 = 4*w - 7*w + t. Let m(u) = -u + 3*u - w + 2. Give m(-2).
-5
Let l be ((-4)/(-3))/(4/12). Let a = 5 - 3. Suppose -m = 0, -g + a*g - 5*m + l = 0. Let v(z) = -z**3 - 5*z**2 - 3*z - 1. What is v(g)?
-5
Let h(z) = z**3 - 2*z + 2. Suppose -9 + 1 = -4*c. Let y(a) = -a**3 + 4*a**2 - 2*a - 2. Let o be y(c). Determine h(o).
6
Suppose -33 + 35 = t. Let d(y) be the first derivative of -t + y**2 + 1/3*y**3 + y + 1/4*y**4. What is d(-2)?
-7
Let c(j) = -j**2 - 5*j + 9. Let p(y) = -3*y + 8. Let m be p(5). Calculate c(m).
-5
Let l(r) = -r - 1. Let g(a) = a**2 - 4*a + 1. Let q be g(5). Calculate l(q).
-7
Let s(c) = c**3 - 3*c**2 + 2*c + 2. Suppose 2*d - 5*y = 25, 39 = 4*d + 4*y - 3*y. Suppose 3*x + o = d, 2*x + 7 = 3*o - 1. Determine s(x).
2
Let s(y) be the second derivative of y**5/60 + 7*y**4/24 + 4*y**3/3 + 6*y. Let m(k) be the second derivative of s(k). Give m(-5).
-3
Let p(g) be the second derivative of 1/6*g**3 - 1/12*g**4 + 0 - 1/20*g**5 - 1/2*g**2 - 2*g. Suppose 2*i = -a - 3, -7 = -3*i + 5*i - 3*a. What is p(i)?
1
Let o(c) = -320*c**2 + 10*c - 4*c + 319*c**2 - 7. Suppose h + 10 = 3*h. Determine o(h).
-2
Let i be 1*(6 - (2 + -3)). Suppose -i*d + 2*d + 10 = 0. Let a(z) = 2*z - 2. What is a(d)?
2
Let u(s) = -s + 3. Suppose 17 = -5*l - 3. Give u(l).
7
Let s(d) = -d**3 + d**2 + 4*d + 1. Let g = 18 + -9. Let w be (12/g)/((-6)/(-9)). Suppose -w*b + 2*y = -0*b, 3*b - 2*y = 3. Calculate s(b).
-5
Suppose 4 - 6 = -f. Let v be (3/f)/(3/8). Suppose -31 + 11 = v*b. Let k(g) = -g**3 - 4*g**2 + 3*g - 7. Determine k(b).
3
Let z(v) = -v**2 - 7*v - 4. Let w be 2*(-4)/8 - 5. Determine z(w).
2
Let f(g) be the first derivative of -g**7/168 - g**6/360 - g**5/120 - 8*g**3/3 - 7. Let x(c) be the third derivative of f(c). What is x(-1)?
5
Let a(q) = -q**3 - 2*q**2 + 4*q + 2. Let r be a(-3). Let d(v) = -3*v**2 + v. What is d(r)?
-4
Let m(c) = -c**2 + 7*c - 2. Let f(q) = 2*q + 27. Let i be f(-11). What is m(i)?
8
Let y(z) = -4*z**3 + 1. Let c(g) = g**3 + 2*g**2 - 2*g - 3. Let p be c(-2). Give y(p).
-3
Let s(q) = -q**2 - 5*q - 6. Suppose 3*j + 4*a - 25 = -0*j, 0 = -2*j - 4*a + 22. Let y be (-1)/2*2 - j. Give s(y).
-2
Suppose -5*i + 4*w + 0*w - 19 = 0, i = -5*w + 2. Let d(k) be the second derivative of 0*k**3 + 0 - k**2 - 6*k + 1/12*k**4. What is d(i)?
7
Let v be -1*2/(-4)*0. Suppose -6 = -2*r - v*r. Let g(c) = 2*c + 4*c**2 - c**2 + c**3 + r + 0*c**3. Determine g(-3).
-3
Let v(d) be the first derivative of 0*d - 2 + d**3 + 1/8*d**4 + 0*d**2 + 1/30*d**5. Let r(x) be the third derivative of v(x). Determine r(-2).
-5
Let z(h) = -30*h - 21. Let m(k) = 3*k + 2. Let u(j) = -42*m(j) - 4*z(j). Calculate u(-1).
6
Let z(t) = -t**3 - t**2 + 1. Let v be (1 + -1 + -1)*1. Let r be z(v). Let a(u) = 3*u - r + 1 + 1. Calculate a(1).
4
Let y(o) be the third derivative of -o**5/60 + o**4/6 + o**3/2 + 26*o**2. Determine y(5).
-2
Let u(f) = -4*f**2 + 0*f**3 - f - 2*f**3 - 2*f. Let w = 28 + -30. Calculate u(w).
6
Let q(g) = -g**2 + 2*g + 2. Let z(b) = 4*b - 15. Let r be z(5). Give q(r).
-13
Let b(m) = m**3 - 3*m**2 - m**2 - 1 - 2 + 6 - 5*m. Let j(o) = o**2 + 16*o + 5. Let h be j(-16). Determine b(h).
3
Let b(g) = g**3 + 2*g + 3. Let l be 2/(-5) - 32/20. Calculate b(l).
-9
Let h(f) = -f**2 - 5*f + 1. Let a be h(-5). Let g(s) = 6*s. Calculate g(a).
6
Let g(f) = f**3 + f**2 + f + 2. Let a be g(-2). Let m(o) = 2*o - 4 - o**2 - o - 8*o + 2*o. Calculate m(a).
0
Suppose -w + 2 = -0, -2*p - 5*w = -8. Let a = 5 + p. Let y(d) = 2*d**2 - 5*d - 1. Give y(a).
11
Let v be (0/(-1))/(-1) + -2. Let p(h) be the third derivative of h**6/60 + h**5/20 + h**4/24 - 21*h**2. Determine p(v).
-6
Suppose -6*u + 18 = -0*u. Let c(j) be the second derivative of -5*j**3/6 + 2*j**2 - j. Calculate c(u).
-11
Let o(h) = h**2 + 3*h + 3. Let f be -2*(5 - (-2 - -5)) - -2. Determine o(f).
1
Let g be (-9)/3*2/(-3). Let h(l) = 4*l + 4 - 3*l + 1 + l**g. Suppose 3*f = -0*f. Give h(f).
5
Let z(b) = -b**3 + 11*b**2 - 9*b - 11. Let p = -151 - -161. What is z(p)?
-1
Let c = 9 - 18. Let f be 2*c/6 + 1. Let o(a) = 5*a**2 + 1 + a**3 + 0*a**2 - 3*a**2 + a. Give o(f).
-1
Let d(y) = -y**3 + 4*y**2 + 3 + 2*y + 0*y**2 - y**2 - y. Determine d(3).
6
Suppose -5 - 11 = -4*z. Let n(c) = -z + c + 5 - 5. Let l = -4 + 7. Give n(l).
-1
Let x(p) = 3 - 2*p + p - 9. Let s be x(-8). Let t(f) = -f + f**3 - 4 - 3*f**s + 5*f**2 + 2. Calculate t(-2).
0
Let t(o) = o**3 + 2*o + o - 4*o**2 + 4 - 8. Determine t(3).
-4
Let h(i) = i**2 + 4 - 5*i - 2 - 1. Suppose -2*k + k + 64 = -4*p, 4*p - 3*k = -64. Let x(o) = o**2 + 17*o + 19. Let u be x(p). What is h(u)?
-5
Let x(v) = -2*v**2 + 4 + 5*v - 2*v + 3*v + 1. What is x(6)?
-31
Let o be 0 - (-1 + 2)*-1. Let y(h) = h - 7*h + 5*h. What is y(o)?
-1
Let y(r) = r**2 + r. Suppose 2*b + 16 = 5*i, b - 1 = -2*i - 0*i. Calculate y(b).
6
Let h(q) be the first derivative of -5*q - 1 - 4*q**2 - 1/3*q**3. Determine h(-7).
2
Suppose 